{"id":2385,"date":"2025-07-07T02:13:34","date_gmt":"2025-07-07T00:13:34","guid":{"rendered":"https:\/\/zumbahua.gob.ec\/cotopaxi\/?page_id=2385"},"modified":"2025-07-07T02:54:50","modified_gmt":"2025-07-07T00:54:50","slug":"noticia-3-2","status":"publish","type":"page","link":"https:\/\/zumbahua.gob.ec\/cotopaxi\/noticia-3-2\/","title":{"rendered":"Noticia 3"},"content":{"rendered":"\t\t<div data-elementor-type=\"wp-page\" data-elementor-id=\"2385\" class=\"elementor elementor-2385\" data-elementor-post-type=\"page\">\n\t\t\t\t<div data-particle_enable=\"false\" data-particle-mobile-disabled=\"false\" class=\"elementor-element elementor-element-306e1e9 e-con-full e-flex wpr-particle-no wpr-jarallax-no wpr-parallax-no wpr-sticky-section-no e-con e-parent\" data-id=\"306e1e9\" data-element_type=\"container\" data-settings=\"{&quot;background_background&quot;:&quot;classic&quot;}\">\n\t\t\t\t<\/div>\n\t\t<div data-particle_enable=\"false\" data-particle-mobile-disabled=\"false\" class=\"elementor-element elementor-element-9be25e6 e-flex e-con-boxed wpr-particle-no wpr-jarallax-no wpr-parallax-no wpr-sticky-section-no e-con e-parent\" data-id=\"9be25e6\" data-element_type=\"container\">\n\t\t\t\t\t<div class=\"e-con-inner\">\n\t\t<div data-particle_enable=\"false\" data-particle-mobile-disabled=\"false\" class=\"elementor-element elementor-element-ed06323 e-con-full e-flex wpr-particle-no wpr-jarallax-no wpr-parallax-no wpr-sticky-section-no e-con e-child\" data-id=\"ed06323\" data-element_type=\"container\">\n\t\t\t\t<div class=\"elementor-element elementor-element-8d941f6 elementor-widget elementor-widget-text-editor\" data-id=\"8d941f6\" data-element_type=\"widget\" data-widget_type=\"text-editor.default\">\n\t\t\t\t<div class=\"elementor-widget-container\">\n\t\t\t\t\t\t\t\t\t<p data-start=\"170\" data-end=\"229\"><strong data-start=\"173\" data-end=\"226\">Mantenimiento vial en la ruta Ni\u00f1o Rumi \u2013 Shalal\u00e1<\/strong><\/p><p data-start=\"170\" data-end=\"229\"><span style=\"font-size: 16px;\">Gracias al trabajo conjunto entre el GAD Parroquial de Zumbahua, l\u00edderes comunitarios y el apoyo de instituciones aliadas, se ha entregado maquinaria para dar inicio a los trabajos de <\/span><strong style=\"font-size: 16px;\" data-start=\"415\" data-end=\"482\">mantenimiento vial en la ruta que conecta Ni\u00f1o Rumi con Shalal\u00e1<\/strong><span style=\"font-size: 16px;\">, un tramo fundamental para la movilidad local y el desarrollo tur\u00edstico de la zona.<\/span><\/p><p data-start=\"568\" data-end=\"905\">Esta v\u00eda no solo facilita el traslado diario de los habitantes de varias comunidades, sino que tambi\u00e9n conecta con uno de los destinos tur\u00edsticos m\u00e1s emblem\u00e1ticos de nuestra parroquia: <strong data-start=\"753\" data-end=\"811\">el mirador natural de la laguna de Quilotoa en Shalal\u00e1<\/strong>, un punto estrat\u00e9gico que recibe visitantes nacionales e internacionales durante todo el a\u00f1o.<\/p><p data-start=\"907\" data-end=\"1109\">Con el mejoramiento de este camino se fortalece la econom\u00eda local, se impulsa el turismo comunitario y se mejora el acceso a servicios b\u00e1sicos para decenas de familias que viven a lo largo de esta ruta.<\/p><p data-start=\"1111\" data-end=\"1322\">Desde el GAD Parroquial de Zumbahua reafirmamos nuestro compromiso de seguir trabajando por una parroquia conectada, productiva y preparada para recibir a propios y visitantes con caminos en mejores condiciones.<\/p>\t\t\t\t\t\t\t\t<\/div>\n\t\t\t\t<\/div>\n\t\t\t\t<\/div>\n\t\t<div data-particle_enable=\"false\" data-particle-mobile-disabled=\"false\" class=\"elementor-element elementor-element-20e4dca e-con-full e-flex wpr-particle-no wpr-jarallax-no wpr-parallax-no wpr-sticky-section-no e-con e-child\" data-id=\"20e4dca\" data-element_type=\"container\">\n\t\t\t\t<div class=\"elementor-element elementor-element-7d23f8f elementor-widget elementor-widget-image\" data-id=\"7d23f8f\" data-element_type=\"widget\" data-widget_type=\"image.default\">\n\t\t\t\t<div class=\"elementor-widget-container\">\n\t\t\t\t\t\t\t\t\t\t\t\t\t\t\t<img fetchpriority=\"high\" decoding=\"async\" width=\"600\" height=\"561\" src=\"https:\/\/zumbahua.gob.ec\/cotopaxi\/wp-content\/uploads\/2025\/07\/Noticia-3.png\" class=\"attachment-large size-large wp-image-1819\" alt=\"\" srcset=\"https:\/\/zumbahua.gob.ec\/cotopaxi\/wp-content\/uploads\/2025\/07\/Noticia-3.png 600w, https:\/\/zumbahua.gob.ec\/cotopaxi\/wp-content\/uploads\/2025\/07\/Noticia-3-300x281.png 300w\" sizes=\"(max-width: 600px) 100vw, 600px\" \/>\t\t\t\t\t\t\t\t\t\t\t\t\t\t\t<\/div>\n\t\t\t\t<\/div>\n\t\t\t\t<div class=\"elementor-element elementor-element-e541904 elementor-widget elementor-widget-video\" data-id=\"e541904\" data-element_type=\"widget\" data-settings=\"{&quot;video_type&quot;:&quot;hosted&quot;,&quot;controls&quot;:&quot;yes&quot;}\" data-widget_type=\"video.default\">\n\t\t\t\t<div class=\"elementor-widget-container\">\n\t\t\t\t\t\t\t<div class=\"e-hosted-video elementor-wrapper elementor-open-inline\">\n\t\t\t\t\t<video class=\"elementor-video\" src=\"https:\/\/zumbahua.gob.ec\/cotopaxi\/wp-content\/uploads\/2025\/07\/FDownloader.Net_AQPmQmn3MYK7wovOJOcPovfHCZMQwiTOJ0YfqcMbythD4lAaWSH0oe5cP0z9f1oGp89ZzA7sn0aX33xuxR0F5u6c_720p_HD.mp4\" controls=\"\" preload=\"metadata\" controlsList=\"nodownload\"><\/video>\n\t\t\t\t<\/div>\n\t\t\t\t\t\t<\/div>\n\t\t\t\t<\/div>\n\t\t\t\t<\/div>\n\t\t\t\t\t<\/div>\n\t\t\t\t<\/div>\n\t\t\t\t<\/div>\n\t\t\n    <div class=\"xs_social_share_widget xs_share_url after_content \t\tmain_content  wslu-style-1 wslu-share-box-shaped wslu-fill-colored wslu-none wslu-share-horizontal wslu-theme-font-no wslu-main_content\">\n\n\t\t\n        <ul>\n\t\t\t        <\/ul>\n    <\/div> \n","protected":false},"excerpt":{"rendered":"<p>Mantenimiento vial en la ruta Ni\u00f1o Rumi \u2013 Shalal\u00e1 Gracias al trabajo conjunto entre el GAD Parroquial de Zumbahua, l\u00edderes comunitarios y el apoyo de instituciones aliadas, se ha entregado maquinaria para dar inicio a los trabajos de mantenimiento vial en la ruta que conecta Ni\u00f1o Rumi con Shalal\u00e1, un tramo fundamental para la movilidad local y el desarrollo tur\u00edstico de la zona. Esta v\u00eda no solo facilita el traslado diario de los habitantes de varias comunidades, sino que tambi\u00e9n conecta con uno de los destinos tur\u00edsticos m\u00e1s emblem\u00e1ticos de nuestra parroquia: el mirador natural de la laguna de Quilotoa en Shalal\u00e1, un punto estrat\u00e9gico que recibe visitantes nacionales e internacionales durante todo el a\u00f1o. Con el mejoramiento de este camino se fortalece la econom\u00eda local, se impulsa el turismo comunitario y se mejora el acceso a servicios b\u00e1sicos para decenas de familias que viven a lo largo de esta ruta. Desde el GAD Parroquial de Zumbahua reafirmamos nuestro compromiso de seguir trabajando por una parroquia conectada, productiva y preparada para recibir a propios y visitantes con caminos en mejores condiciones. https:\/\/zumbahua.gob.ec\/cotopaxi\/wp-content\/uploads\/2025\/07\/FDownloader.Net_AQPmQmn3MYK7wovOJOcPovfHCZMQwiTOJ0YfqcMbythD4lAaWSH0oe5cP0z9f1oGp89ZzA7sn0aX33xuxR0F5u6c_720p_HD.mp4<\/p>\n","protected":false},"author":1,"featured_media":0,"parent":0,"menu_order":0,"comment_status":"closed","ping_status":"closed","template":"","meta":{"_eb_attr":"","postBodyCss":"","postBodyMargin":[],"postBodyPadding":[],"postBodyBackground":{"backgroundType":"classic","gradient":""},"site-sidebar-layout":"no-sidebar","site-content-layout":"page-builder","ast-site-content-layout":"full-width-container","site-content-style":"default","site-sidebar-style":"default","ast-global-header-display":"","ast-banner-title-visibility":"","ast-main-header-display":"","ast-hfb-above-header-display":"","ast-hfb-below-header-display":"","ast-hfb-mobile-header-display":"","site-post-title":"disabled","ast-breadcrumbs-content":"","ast-featured-img":"disabled","footer-sml-layout":"","ast-disable-related-posts":"","theme-transparent-header-meta":"","adv-header-id-meta":"","stick-header-meta":"","header-above-stick-meta":"","header-main-stick-meta":"","header-below-stick-meta":"","astra-migrate-meta-layouts":"set","ast-page-background-enabled":"default","ast-page-background-meta":{"desktop":{"background-color":"","background-image":"","background-repeat":"repeat","background-position":"center center","background-size":"auto","background-attachment":"scroll","background-type":"","background-media":"","overlay-type":"","overlay-color":"","overlay-opacity":"","overlay-gradient":""},"tablet":{"background-color":"","background-image":"","background-repeat":"repeat","background-position":"center center","background-size":"auto","background-attachment":"scroll","background-type":"","background-media":"","overlay-type":"","overlay-color":"","overlay-opacity":"","overlay-gradient":""},"mobile":{"background-color":"","background-image":"","background-repeat":"repeat","background-position":"center center","background-size":"auto","background-attachment":"scroll","background-type":"","background-media":"","overlay-type":"","overlay-color":"","overlay-opacity":"","overlay-gradient":""}},"ast-content-background-meta":{"desktop":{"background-color":"var(--ast-global-color-5)","background-image":"","background-repeat":"repeat","background-position":"center center","background-size":"auto","background-attachment":"scroll","background-type":"","background-media":"","overlay-type":"","overlay-color":"","overlay-opacity":"","overlay-gradient":""},"tablet":{"background-color":"var(--ast-global-color-5)","background-image":"","background-repeat":"repeat","background-position":"center center","background-size":"auto","background-attachment":"scroll","background-type":"","background-media":"","overlay-type":"","overlay-color":"","overlay-opacity":"","overlay-gradient":""},"mobile":{"background-color":"var(--ast-global-color-5)","background-image":"","background-repeat":"repeat","background-position":"center center","background-size":"auto","background-attachment":"scroll","background-type":"","background-media":"","overlay-type":"","overlay-color":"","overlay-opacity":"","overlay-gradient":""}},"footnotes":""},"class_list":["post-2385","page","type-page","status-publish","hentry"],"_links":{"self":[{"href":"https:\/\/zumbahua.gob.ec\/cotopaxi\/wp-json\/wp\/v2\/pages\/2385","targetHints":{"allow":["GET"]}}],"collection":[{"href":"https:\/\/zumbahua.gob.ec\/cotopaxi\/wp-json\/wp\/v2\/pages"}],"about":[{"href":"https:\/\/zumbahua.gob.ec\/cotopaxi\/wp-json\/wp\/v2\/types\/page"}],"author":[{"embeddable":true,"href":"https:\/\/zumbahua.gob.ec\/cotopaxi\/wp-json\/wp\/v2\/users\/1"}],"replies":[{"embeddable":true,"href":"https:\/\/zumbahua.gob.ec\/cotopaxi\/wp-json\/wp\/v2\/comments?post=2385"}],"version-history":[{"count":23,"href":"https:\/\/zumbahua.gob.ec\/cotopaxi\/wp-json\/wp\/v2\/pages\/2385\/revisions"}],"predecessor-version":[{"id":2414,"href":"https:\/\/zumbahua.gob.ec\/cotopaxi\/wp-json\/wp\/v2\/pages\/2385\/revisions\/2414"}],"wp:attachment":[{"href":"https:\/\/zumbahua.gob.ec\/cotopaxi\/wp-json\/wp\/v2\/media?parent=2385"}],"curies":[{"name":"wp","href":"https:\/\/api.w.org\/{rel}","templated":true}]}}